vided by 101.
96
Calculate the remainder when 134 is divided by 49.
36
Calculate the remainder when 67 is divided by 9.
4
Calculate the remainder when 2321 is divided by 53.
42
Calculate the remainder when 100 is divided by 42.
16
Calculate the remainder when 3754 is divided by 13.
10
What is the remainder when 950 is divided by 64?
54
Calculate the remainder when 890 is divided by 64.
58
Calculate the remainder when 185 is divided by 11.
9
Calculate the remainder when 130 is divided by 19.
16
Calculate the remainder when 121 is divided by 112.
9
Calculate the remainder when 3261 is divided by 172.
165
What is the remainder when 117 is divided by 15?
12
What is the remainder when 8 is divided by 7?
1
What is the remainder when 84 is divided by 10?
4
Calculate the remainder when 1740 is divided by 157.
13
Calculate the remainder when 1221 is divided by 47.
46
What is the remainder when 1028 is divided by 1022?
6
Calculate the remainder when 246 is divided by 21.
15
What is the remainder when 1464 is divided by 77?
1
Calculate the remainder when 65 is divided by 9.
2
What is the remainder when 39 is divided by 8?
7
Calculate the remainder when 34692 is divided by 15.
12
What is the remainder when 741 is divided by 366?
9
Calculate the remainder when 683 is divided by 30.
23
Calculate the remainder when 1771 is divided by 865.
41
What is the remainder when 82837 is divided by 95?
92
What is the remainder when 69 is divided by 15?
9
Calculate the remainder when 347 is divided by 25.
22
Calculate the remainder when 241 is divided by 78.
7
Calculate the remainder when 83 is divided by 42.
41
What is the remainder when 196 is divided by 37?
11
Calculate the remainder when 210 is divided by 16.
2
What is the remainder when 326 is divided by 55?
51
What is the remainder when 228 is divided by 13?
7
Calculate the remainder when 2231 is divided by 24.
23
What is the remainder when 113 is divided by 25?
13
Calculate the remainder when 163 is divided by 34.
27
Calculate the remainder when 1392 is divided by 34.
32
Calculate the remainder when 1530 is divided by 498.
36
Calculate the remainder when 706 is divided by 205.
91
Calculate the remainder when 38 is divided by 36.
2
Calculate the remainder when 135 is divided by 65.
5
What is the remainder when 57 is divided by 1?
0
Calculate the remainder when 200 is divided by 121.
79
Calculate the remainder when 2338 is divided by 78.
76
Calculate the remainder when 611 is divided by 56.
51
What is the remainder when 1755 is divided by 359?
319
What is the remainder when 6736 is divided by 73?
20
Calculate the remainder when 415 is divided by 32.
31
What is the remainder when 284 is divided by 7?
4
Calculate the remainder when 349 is divided by 11.
8
Calculate the remainder when 70 is divided by 18.
16
Calculate the remainder when 1678 is divided by 28.
26
Calculate the remainder when 3953 is divided by 1313.
14
What is the remainder when 47 is divided by 8?
7
Calculate the remainder when 9545 is divided by 3.
2
Calculate the remainder when 497 is divided by 136.
89
What is the remainder when 601 is divided by 29?
21
Calculate the remainder when 872 is divided by 869.
3
Calculate the remainder when 3229 is divided by 231.
226
What is the remainder when 139 is divided by 42?
13
What is the remainder when 32 is divided by 10?
2
Calculate the remainder when 603 is divided by 36.
27
What is the remainder when 1041 is divided by 47?
7
Calculate the remainder when 633 is divided by 216.
201
What is the remainder when 60 is divided by 16?
12
Calculate the remainder when 195 is divided by 53.
36
What is the remainder when 48 is divided by 41?
7
Calculate the remainder when 44 is divided by 15.
14
What is the remainder when 17 is divided by 16?
1
Calculate the remainder when 4979 is divided by 12.
11
What is the remainder when 41 is divided by 21?
20
What is the remainder when 911 is divided by 38?
37
Calculate the remainder when 477 is divided by 181.
115
What is the remainder when 657 is divided by 27?
9
What is the remainder when 1423 is divided by 67?
16
Calculate the remainder when 13721 is divided by 94.
91
What is the remainder when 24 is divided by 16?
8
Calculate the remainder when 257 is divided by 52.
49
Calculate the remainder when 364 is divided by 136.
92
What is the remainder when 371 is divided by 6?
5
Calculate the remainder when 70 is divided by 7.
0
What is the remainder when 302 is divided by 9?
5
What is the remainder when 558 is divided by 43?
42
Calculate the remainder when 192 is divided by 13.
10
What is the remainder when 3066 is divided by 33?
30
Calculate the remainder when 519 is divided by 117.
51
Calculate the remainder when 70 is divided by 12.
10
What is the remainder when 725 is divided by 185?
170
Calculate the remainder when 176 is divided by 37.
28
Calculate the remainder when 617 is divided by 74.
25
Calculate the remainder when 1170 is divided by 29.
10
Calculate the remainder when 1856 is divided by 170.
156
What is the remainder when 108 is divided by 58?
50
What is the remainder when 299 is divided by 50?
49
What is the remainder when 484 is divided by 115?
24
What is the remainder when 659 is divided by 20?
19
Calculate the remainder when 264 is divided by 67.
63
Calculate the remainder when 106 is divided by 28.
22
What is the remainder when 1297 is divided by 20?
17
What is the remainder when 2327 is divided by 2321?
6
Calculate the remainder when 15718 is divided by 60.
58
Calculate the remainder when 4104 is divided by 273.
9
Calculate the remainder when 4138 is divided by 2064.
10
Calculate the remainder when 1018 is divided by 54.
46
Calculate the remainder when 134 is divided by 9.
8
What is the remainder when 1933 is divided by 964?
5
Calculate the remainder when 202 is divided by 93.
16
What is the remainder when 1509 is divided by 17?
13
Calculate the remainder when 214 is divided by 33.
16
What is the remainder when 1355 is divided by 194?
191
Calculate the remainder when 25 is divided by 16.
9
What is the remainder when 18 is divided by 12?
6
What is the remainder when 2469 is divided by 26?
25
Calculate the remainder when 433 is divided by 307.
126
What is the remainder when 168 is divided by 59?
50
What is the remainder when 4574 is divided by 38?
14
What is the remainder when 407 is divided by 10?
7
Calculate the remainder when 119 is divided by 113.
6
Calculate the remainder when 65 is divided by 20.
5
Calculate the remainder when 441 is divided by 14.
7
What is the remainder when 3524 is divided by 15?
14
What is the remainder when 80683 is divided by 15?
13
Calculate the remainder when 2458 is divided by 491.
3
What is the remainder when 323 is divided by 76?
19
What is the remainder when 260 is divided by 27?
17
Calculate the remainder when 2523 is divided by 25.
23
Calculate the remainder when 205 is divided by 126.
79
What is the remainder when 1105 is divided by 28?
13
Calculate the remainder when 143 is divided by 48.
47
Calculate the remainder when 25653 is divided by 127.
126
Calculate the remainder when 399 is divided by 52.
35
What is the remainder when 324 is divided by 67?
56
Calculate the remainder when 19360 is divided by 23.
17
What is the remainder when 303 is divided by 73?
11
What is the remainder when 159 is divided by 38?
7
What is the remainder when 4361 is divided by 66?
5
What is the remainder when 4533 is divided by 3?
0
What is the remainder when 7228 is divided by 30?
28
What is the remainder when 139 is divided by 19?
6
Calculate the remainder when 99 is divided by 53.
46
Calculate the remainder when 172 is divided by 91.
81
Calculate the remainder when 54 is divided by 4.
2
What is the remainder when 186 is divided by 38?
34
Calculate the remainder when 17228 is divided by 8.
4
Calculate the remainder when 546 is divided by 43.
30
What is the remainder when 8129 is divided by 107?
104
What is the remainder when 87 is divided by 20?
7
What is the remainder when 159 is divided by 55?
49
What is the remainder when 393 is divided by 108?
69
What is the remainder when 163 is divided by 36?
19
What is the remainder when 1838 is divided by 92?
90
Calculate the remainder when 268 is divided by 15.
13
What is the remainder when 64 is divi